{"id":625,"date":"2017-03-30T01:13:18","date_gmt":"2017-03-29T23:13:18","guid":{"rendered":"http:\/\/www.zaciszekrosno.pl\/?page_id=625"},"modified":"2017-04-15T00:29:26","modified_gmt":"2017-04-14T22:29:26","slug":"04-07-2014-walne-zebranie","status":"publish","type":"page","link":"http:\/\/www.zaciszekrosno.pl\/?page_id=625","title":{"rendered":"04.07.2014 &#8211; Walne zebranie"},"content":{"rendered":"<h6 style=\"text-align: center;\">W dniu 4 lipca 2014 r. odby\u0142o si\u0119 Walne zebranie dzia\u0142kowc\u00f3w ROD \u201eZACISZE\u201d. W \u00a0zebraniu wzi\u0119\u0142o udzia\u0142 81 dzia\u0142kowc\u00f3w ROD. Celem zebrania by\u0142o podj\u0119cie decyzji o pozostaniu w strukturach PZD lub wyodr\u0119bnienie si\u0119 Stowarzyszenia Ogrodowego jako samodzielnej jednostki organizacyjnej na mocy przepis\u00f3w Ustawy z dnia 13 grudnia 2013 r. o rodzinnych ogrodach dzia\u0142kowych ( Dz. Ustaw z 2014 r. poz. 40 ).<\/h6>\n<h6 style=\"text-align: center;\">Podczas walnego zebrania \u00a0Uchwa\u0142\u0105 nr 1\/2014 przy 78 g\u0142osach za, 2 przeciwnych i 1 wstrzymuj\u0105cym si\u0119 postanowiono o wyodr\u0119bnieniu si\u0119\u00a0 Rodzinnego Ogrodu Dzia\u0142kowego \u201eZacisze\u201d ze stowarzyszenia ogrodowego wymienionego w art. 65 ust, 1 pkt 1 ustawy z dnia 13 grudnia 2013 r. o rodzinnych ogrodach dzia\u0142kowych (PZD) i powo\u0142aniu stowarzyszenia ogrodowego pod nazw\u0105 Stowarzyszenie Rodzinny Ogr\u00f3d Dzia\u0142kowy \u201eZacisze\u201d w Kro\u015bnie kt\u00f3re zobowi\u0105zuje do prowadzenia ogrodu. <span style=\"color: #0000ff;\"><em>( w\u00a0 tym miejscu nale\u017cy zaznaczy\u0107 \u017ce ostateczna nazwa Stowarzyszenie Dzia\u0142kowc\u00f3w Ogrodu \u201eZacisze\u201d w Kro\u015bnie zosta\u0142a zmieniona podczas rejestracji stowarzyszenia na wniosek S\u0105du Rejestracyjnego w Rzeszowie). <\/em><\/span><\/h6>\n<h6 style=\"text-align: center;\">Uchwa\u0142\u0105 nr 1\/2016<span style=\"color: #0000ff;\"> (poni\u017cej)<\/span>\u00a0powo\u0142ano r\u00f3wnie\u017c Komitet za\u0142o\u017cycielski stowarzyszenia.<\/h6>\n<p style=\"text-align: center;\"><a href=\"http:\/\/www.zaciszekrosno.pl\/?attachment_id=859\" rel=\"attachment wp-att-859\"><img loading=\"lazy\" decoding=\"async\" class=\"alignnone size-full wp-image-859\" src=\"http:\/\/www.zaciszekrosno.pl\/wp-content\/uploads\/2017\/04\/2014.07.05-Uchwa\u0142a-o-wyst\u0105pieniu-z-PZD.jpg\" alt=\"\" width=\"2409\" height=\"3436\" srcset=\"http:\/\/www.zaciszekrosno.pl\/wp-content\/uploads\/2017\/04\/2014.07.05-Uchwa\u0142a-o-wyst\u0105pieniu-z-PZD.jpg 2409w, http:\/\/www.zaciszekrosno.pl\/wp-content\/uploads\/2017\/04\/2014.07.05-Uchwa\u0142a-o-wyst\u0105pieniu-z-PZD-105x150.jpg 105w, http:\/\/www.zaciszekrosno.pl\/wp-content\/uploads\/2017\/04\/2014.07.05-Uchwa\u0142a-o-wyst\u0105pieniu-z-PZD-210x300.jpg 210w, http:\/\/www.zaciszekrosno.pl\/wp-content\/uploads\/2017\/04\/2014.07.05-Uchwa\u0142a-o-wyst\u0105pieniu-z-PZD-718x1024.jpg 718w\" sizes=\"auto, (max-width: 2409px) 100vw, 2409px\" \/><\/a><\/p>\n<h6 style=\"text-align: center;\">Nast\u0119pnie zebranie dzia\u0142kowc\u00f3w zosta\u0142o przekszta\u0142cone w zebranie za\u0142o\u017cycielskie stowarzyszenia dzia\u0142kowc\u00f3w ogrodu \u201eZacisze\u201d. Uchwa\u0142\u0105 nr 1\/2016 <span style=\"color: #0000ff;\">( poni\u017cej)<\/span> wybrano w\u0142adze stowarzyszenia.<\/h6>\n<p style=\"text-align: center;\"><a href=\"http:\/\/www.zaciszekrosno.pl\/?attachment_id=862\" rel=\"attachment wp-att-862\"><img loading=\"lazy\" decoding=\"async\" class=\"alignnone size-full wp-image-862\" src=\"http:\/\/www.zaciszekrosno.pl\/wp-content\/uploads\/2017\/04\/2014.07.05-Uchwa\u0142a-wyb\u00f3r-Zarz\u0105du-Stowarzyszenia.jpg\" alt=\"\" width=\"2409\" height=\"3436\" srcset=\"http:\/\/www.zaciszekrosno.pl\/wp-content\/uploads\/2017\/04\/2014.07.05-Uchwa\u0142a-wyb\u00f3r-Zarz\u0105du-Stowarzyszenia.jpg 2409w, http:\/\/www.zaciszekrosno.pl\/wp-content\/uploads\/2017\/04\/2014.07.05-Uchwa\u0142a-wyb\u00f3r-Zarz\u0105du-Stowarzyszenia-105x150.jpg 105w, http:\/\/www.zaciszekrosno.pl\/wp-content\/uploads\/2017\/04\/2014.07.05-Uchwa\u0142a-wyb\u00f3r-Zarz\u0105du-Stowarzyszenia-210x300.jpg 210w, http:\/\/www.zaciszekrosno.pl\/wp-content\/uploads\/2017\/04\/2014.07.05-Uchwa\u0142a-wyb\u00f3r-Zarz\u0105du-Stowarzyszenia-718x1024.jpg 718w\" sizes=\"auto, (max-width: 2409px) 100vw, 2409px\" \/><\/a><\/p>\n<h6 style=\"text-align: center;\">Zebranie za\u0142o\u017cycielskie podj\u0119\u0142o r\u00f3wnie\u017c Uchwa\u0142\u0119 nr 2\/2014 <span style=\"color: #0000ff;\">(poni\u017cej)<\/span> o wysoko\u015bci op\u0142at ogrodowych.<a href=\"http:\/\/www.zaciszekrosno.pl\/?attachment_id=861\" rel=\"attachment wp-att-861\"><img loading=\"lazy\" decoding=\"async\" class=\"alignnone size-full wp-image-861\" src=\"http:\/\/www.zaciszekrosno.pl\/wp-content\/uploads\/2017\/04\/2014.07.05-Uchwa\u0142a-wpisowego-i-op\u0142at.jpg\" alt=\"\" width=\"2409\" height=\"3436\" srcset=\"http:\/\/www.zaciszekrosno.pl\/wp-content\/uploads\/2017\/04\/2014.07.05-Uchwa\u0142a-wpisowego-i-op\u0142at.jpg 2409w, http:\/\/www.zaciszekrosno.pl\/wp-content\/uploads\/2017\/04\/2014.07.05-Uchwa\u0142a-wpisowego-i-op\u0142at-105x150.jpg 105w, http:\/\/www.zaciszekrosno.pl\/wp-content\/uploads\/2017\/04\/2014.07.05-Uchwa\u0142a-wpisowego-i-op\u0142at-210x300.jpg 210w, http:\/\/www.zaciszekrosno.pl\/wp-content\/uploads\/2017\/04\/2014.07.05-Uchwa\u0142a-wpisowego-i-op\u0142at-718x1024.jpg 718w\" sizes=\"auto, (max-width: 2409px) 100vw, 2409px\" \/><\/a><\/h6>\n<h6 style=\"text-align: center;\">W tym samym dniu odby\u0142o si\u0119 r\u00f3wnie\u017c pierwsze posiedzenie Zarz\u0105du i Komisji Rewizyjnej celem ukonstytuowania. Poni\u017cej Uchwa\u0142a nr 1\/2016 Zarz\u0105du Stowarzyszenia i Uchwa\u0142a nr 1\/2016 Komisji Rewizyjnej.<\/h6>\n<p style=\"text-align: center;\"><a href=\"http:\/\/www.zaciszekrosno.pl\/?attachment_id=862\" rel=\"attachment wp-att-862\"><img loading=\"lazy\" decoding=\"async\" class=\"alignnone size-full wp-image-862\" src=\"http:\/\/www.zaciszekrosno.pl\/wp-content\/uploads\/2017\/04\/2014.07.05-Uchwa\u0142a-wyb\u00f3r-Zarz\u0105du-Stowarzyszenia.jpg\" alt=\"\" width=\"2409\" height=\"3436\" srcset=\"http:\/\/www.zaciszekrosno.pl\/wp-content\/uploads\/2017\/04\/2014.07.05-Uchwa\u0142a-wyb\u00f3r-Zarz\u0105du-Stowarzyszenia.jpg 2409w, http:\/\/www.zaciszekrosno.pl\/wp-content\/uploads\/2017\/04\/2014.07.05-Uchwa\u0142a-wyb\u00f3r-Zarz\u0105du-Stowarzyszenia-105x150.jpg 105w, http:\/\/www.zaciszekrosno.pl\/wp-content\/uploads\/2017\/04\/2014.07.05-Uchwa\u0142a-wyb\u00f3r-Zarz\u0105du-Stowarzyszenia-210x300.jpg 210w, http:\/\/www.zaciszekrosno.pl\/wp-content\/uploads\/2017\/04\/2014.07.05-Uchwa\u0142a-wyb\u00f3r-Zarz\u0105du-Stowarzyszenia-718x1024.jpg 718w\" sizes=\"auto, (max-width: 2409px) 100vw, 2409px\" \/><\/a><a href=\"http:\/\/www.zaciszekrosno.pl\/?attachment_id=863\" rel=\"attachment wp-att-863\"><img loading=\"lazy\" decoding=\"async\" class=\"alignnone size-full wp-image-863\" src=\"http:\/\/www.zaciszekrosno.pl\/wp-content\/uploads\/2017\/04\/2014.07.05-Uchwa\u0142a-komisji-rewizyjnej.jpg\" alt=\"\" width=\"2409\" height=\"3436\" srcset=\"http:\/\/www.zaciszekrosno.pl\/wp-content\/uploads\/2017\/04\/2014.07.05-Uchwa\u0142a-komisji-rewizyjnej.jpg 2409w, http:\/\/www.zaciszekrosno.pl\/wp-content\/uploads\/2017\/04\/2014.07.05-Uchwa\u0142a-komisji-rewizyjnej-105x150.jpg 105w, http:\/\/www.zaciszekrosno.pl\/wp-content\/uploads\/2017\/04\/2014.07.05-Uchwa\u0142a-komisji-rewizyjnej-210x300.jpg 210w, http:\/\/www.zaciszekrosno.pl\/wp-content\/uploads\/2017\/04\/2014.07.05-Uchwa\u0142a-komisji-rewizyjnej-718x1024.jpg 718w\" sizes=\"auto, (max-width: 2409px) 100vw, 2409px\" \/><\/a><\/p>\n<h4 style=\"text-align: center;\"><span style=\"color: #008000;\"><em><strong>Tak wi\u0119c dat\u0119 05.07.2014 r. nale\u017cy uzna\u0107 jako dat\u0119 powstania Stowarzyszenia Dzia\u0142kowc\u00f3w Ogrodu \u201eZacisze\u201d w Kro\u015bnie \u201espadkobiercy\u201d Rodzinnego Ogrodu Dzia\u0142kowego \u201eZacisze\u201d w Kro\u015bnie. Wszystkie dokumenty zosta\u0142y przes\u0142ane do S\u0105du Rejonowego w Rzeszowie XII Wydzia\u0142 Gospodarczy Krajowego Rejestru Sadowego Kt\u00f3ry postanowieniem z dnia 19.12.2014 r. oficjalnie zarejestrowa\u0142 stowarzyszenie pod numerem KRS-0000528658.<\/strong><\/em><\/span><\/h4>\n<p><a href=\"http:\/\/www.zaciszekrosno.pl\/?attachment_id=210\" rel=\"attachment wp-att-210\"><img loading=\"lazy\" decoding=\"async\" class=\"alignnone size-full wp-image-210\" src=\"http:\/\/www.zaciszekrosno.pl\/wp-content\/uploads\/2015\/11\/DSC_0076.jpg\" alt=\"\" width=\"800\" height=\"600\" srcset=\"http:\/\/www.zaciszekrosno.pl\/wp-content\/uploads\/2015\/11\/DSC_0076.jpg 800w, http:\/\/www.zaciszekrosno.pl\/wp-content\/uploads\/2015\/11\/DSC_0076-300x225.jpg 300w, http:\/\/www.zaciszekrosno.pl\/wp-content\/uploads\/2015\/11\/DSC_0076-400x300.jpg 400w\" sizes=\"auto, (max-width: 800px) 100vw, 800px\" \/><\/a><\/p>\n<p><a href=\"http:\/\/www.zaciszekrosno.pl\/?attachment_id=221\" rel=\"attachment wp-att-221\"><img loading=\"lazy\" decoding=\"async\" class=\"alignnone size-full wp-image-221\" src=\"http:\/\/www.zaciszekrosno.pl\/wp-content\/uploads\/2015\/11\/DSC_0101.jpg\" alt=\"\" width=\"800\" height=\"600\" srcset=\"http:\/\/www.zaciszekrosno.pl\/wp-content\/uploads\/2015\/11\/DSC_0101.jpg 800w, http:\/\/www.zaciszekrosno.pl\/wp-content\/uploads\/2015\/11\/DSC_0101-300x225.jpg 300w, http:\/\/www.zaciszekrosno.pl\/wp-content\/uploads\/2015\/11\/DSC_0101-400x300.jpg 400w\" sizes=\"auto, (max-width: 800px) 100vw, 800px\" \/><\/a><\/p>\n<p>&nbsp;<\/p>\n<p>&nbsp;<\/p>\n","protected":false},"excerpt":{"rendered":"<p>W dniu 4 lipca 2014 r. odby\u0142o si\u0119 Walne zebranie dzia\u0142kowc\u00f3w ROD \u201eZACISZE\u201d. W \u00a0zebraniu wzi\u0119\u0142o udzia\u0142 81 dzia\u0142kowc\u00f3w ROD. Celem zebrania by\u0142o podj\u0119cie decyzji o pozostaniu w strukturach PZD lub wyodr\u0119bnienie si\u0119 Stowarzyszenia Ogrodowego jako samodzielnej jednostki organizacyjnej na mocy przepis\u00f3w Ustawy z dnia 13 grudnia 2013 r. o rodzinnych ogrodach dzia\u0142kowych ( Dz. &hellip; <a href=\"http:\/\/www.zaciszekrosno.pl\/?page_id=625\" class=\"more-link\">Czytaj dalej <span class=\"screen-reader-text\">04.07.2014 &#8211; Walne zebranie<\/span> <span class=\"meta-nav\">&rarr;<\/span><\/a><\/p>\n","protected":false},"author":1,"featured_media":0,"parent":0,"menu_order":0,"comment_status":"closed","ping_status":"closed","template":"page-templates\/full-width.php","meta":{"footnotes":""},"class_list":["post-625","page","type-page","status-publish","hentry"],"_links":{"self":[{"href":"http:\/\/www.zaciszekrosno.pl\/index.php?rest_route=\/wp\/v2\/pages\/625","targetHints":{"allow":["GET"]}}],"collection":[{"href":"http:\/\/www.zaciszekrosno.pl\/index.php?rest_route=\/wp\/v2\/pages"}],"about":[{"href":"http:\/\/www.zaciszekrosno.pl\/index.php?rest_route=\/wp\/v2\/types\/page"}],"author":[{"embeddable":true,"href":"http:\/\/www.zaciszekrosno.pl\/index.php?rest_route=\/wp\/v2\/users\/1"}],"replies":[{"embeddable":true,"href":"http:\/\/www.zaciszekrosno.pl\/index.php?rest_route=%2Fwp%2Fv2%2Fcomments&post=625"}],"version-history":[{"count":8,"href":"http:\/\/www.zaciszekrosno.pl\/index.php?rest_route=\/wp\/v2\/pages\/625\/revisions"}],"predecessor-version":[{"id":866,"href":"http:\/\/www.zaciszekrosno.pl\/index.php?rest_route=\/wp\/v2\/pages\/625\/revisions\/866"}],"wp:attachment":[{"href":"http:\/\/www.zaciszekrosno.pl\/index.php?rest_route=%2Fwp%2Fv2%2Fmedia&parent=625"}],"curies":[{"name":"wp","href":"https:\/\/api.w.org\/{rel}","templated":true}]}}